alse
Let n = 816 - -4213. Let i be (-16)/(-64) + (0 - n/4). Is (6/9)/((-2)/i) composite?
False
Let f(b) = 58*b - 151. Let s(h) = 55*h - 149. Let k(m) = 3*f(m) - 4*s(m). Is k(-30) composite?
False
Let g(h) = h - 3*h - 4 - 2*h - 56*h**2 + 0. Let a be g(-4). Is 3/((-18)/(-12)) - a prime?
False
Let c = -756 - -758. Let a = 841 - 218. Is (c/(-5)*-5)/(2/a) a prime number?
False
Let j be -469 - 3 - (8 + (-8)/2). Let o = j - -1073. Is o composite?
True
Is (-8)/48*-1155838*3 composite?
False
Suppose -x + 2815 = -88*v + 91*v, 3*x - 8421 = -5*v. Is x a composite number?
False
Suppose -3939 = -2*p - 3*g, -2*g - 2*g = 20. Let q = p + -700. Is q prime?
True
Let a = 273 - 268. Suppose -a*l + 568 + 747 = 0. Is l composite?
False
Is (49/9 - 2/(-9))*(-11314650)/(-50) a prime number?
False
Suppose -4*g = -2*m - 2 + 4, 4 = 4*m. Suppose -2*f - 4*p = 0, -3*f - 4*p + g - 8 = 0. Is (-2722)/6*(-11 - f) composite?
False
Suppose -553 = -5*a + 732. Suppose -2*g - a = -4679. Let u = -1544 + g. Is u prime?
False
Let o = 18931 + 1332. Suppose -o = 15*f - 17*f - 3*h, -h - 1 = 0. Is f composite?
False
Suppose -2*w - z + 4 = 0, -4*w + 4 - 20 = -4*z. Suppose w = -4*t + 19*t - 7185. Is t composite?
False
Suppose 8 - 3 = -v - 2*p, -5*v + 23 = -2*p. Suppose -5*d - 44511 = -10*d - z, 4*d = v*z + 35624. Is d composite?
True
Let h = -272 + 275. Suppose h*i + 0*i - 628 = -4*u, 5*u - 785 = 4*i. Is u prime?
True
Let s be 2/(28/(-6) + 4). Is (20620/s)/(-2) - (-3)/9 a prime number?
False
Suppose 12*j + 3*g - 249963 = 0, -8474 - 54004 = -3*j - 5*g. Is j prime?
False
Suppose 50*j = 42*j + 72. Suppose -7956 = -j*l + 20835. Is l prime?
False
Let k be 1 + ((-530)/(-1) - -1). Suppose -3*f + 243 = p - k, 502 = 2*f - 3*p. Is f a prime number?
True
Let p(m) = -m**3 - 7*m**2 + 2. Let r be p(-7). Suppose 2*j + 4 = 2*u, r*u - j = -2*j - 2. Suppose u = 7*q - 9*q + 1294. Is q a prime number?
True
Suppose -2*b + 276551 = -3*r, -4*r = -20 - 0. Is b prime?
True
Let p(g) = 30687*g**3 - 3*g**2 + 85*g - 250. Is p(3) prime?
False
Is 625821/84 + (-6)/(-8) a composite number?
False
Let k = 76599 - -126620. Is k composite?
True
Suppose -3*i + 3*i = -2*i. Suppose h + 18 - 10 = i. Is 409/3*(11 + h) a composite number?
False
Suppose 20*p = -14680 + 146360. Suppose -5*j + p = -3*k + 4*k, 3*k = 5*j + 19812. Is k prime?
True
Let o = 30 + 297. Let s = 9602 - 9676. Let k = s + o. Is k prime?
False
Let j be ((-54)/(-5))/(15/50). Suppose 0 = 9*h - 90 + 99. Let y = j - h. Is y a prime number?
True
Let w be -108 + (10/4 - 3)*-2. Let m = w - -1066. Is m composite?
True
Let l(q) = -q**3 - 12*q**2 - 10*q + 11. Let i be l(-11). Suppose -3*o + 0*o = c + 1, -o = -5*c + 11. Suppose -c*j + j + 943 = i. Is j composite?
True
Let l(v) = -7608*v + 1247. Is l(-19) prime?
True
Let s = 168827 - 83040. Is s composite?
True
Let j = 27 + -25. Let a(u) = -6 - 4*u**j - 2*u**3 - 13*u + 6 + 14 + 4*u**3. Is a(9) composite?
False
Suppose -4*g + 8*q = 5*q - 2540, 0 = -3*q. Suppose 0 = -u - 215 + g. Let x = u + 857. Is x a composite number?
False
Let g be 540/9 + -1*(-1 + 0). Let i = -68 + g. Is (-19 - i)/(-6) + 1*953 a prime number?
False
Is (-3)/(-81) + (-98968948)/(-1026) a prime number?
True
Suppose 84*i = 430*i - 21835022. Is i a prime number?
False
Suppose 5*t - 48 = t. Let b(y) = 3*y - y**3 + 17*y**2 - 486 + 237 + 232. Is b(t) a prime number?
True
Let v(n) = n**3 - 8*n**2 - 15*n + 10. Let g be v(10). Let m = -249 - g. Let u = 1646 + m. Is u prime?
False
Let l = 4589 + -2517. Let q be -4 + (-1824 - (-17 + 10)). Let g = l - q. Is g a composite number?
True
Suppose 0 = -11*q + 6*q - 365. Let x = q + 76. Is 4265*(x - 4)/(-1) a prime number?
False
Let z(u) = -2*u - 25. Let c be z(-14). Let f(m) = 62*m**3 + 4*m**2 - 7. Is f(c) composite?
True
Let d(j) = 14*j - 29 + 10*j - 10*j + 7*j. Suppose -357 = -72*r + 21*r. Is d(r) a composite number?
True
Let u = 47666 + -85540. Let l = 54817 + u. Is l a prime number?
True
Suppose -8*j + 9*j - 42*j = -1797973. Is j a prime number?
True
Let w(z) be the second derivative of -z**3 + 39*z**2 - 3*z. Let k be w(18). Let t = k + 49. Is t a prime number?
True
Let l(n) = -n**3 + n**2 + 8*n - 17. Let o be -7*1 + (-10 + 5)/(-5). Let d be l(o). Suppose 4*q + f - 1017 = d, -3*q = -2*f - 903. Is q composite?
True
Suppose -71045 = -3*t - 18*s + 22*s, -5*s + 118455 = 5*t. Is t a prime number?
True
Let u = -76296 - -207047. Is u composite?
True
Suppose 0 = -51*v - 5*v - 8*v + 1082944. Is v a prime number?
True
Let h(x) = 54*x**2 + 52*x**2 - 7*x + 13*x**2 + 16. Is h(2) a prime number?
False
Let x = 20525 - 12394. Is x prime?
False
Let y(w) = 42247*w**2 - 283*w + 1103. Is y(4) prime?
True
Let q = 15622 + -8016. Is q composite?
True
Let h(o) be the second derivative of -47*o**3 - 62*o**2 - 2*o - 37. Is h(-19) composite?
True
Let d be 3*(0 + 2/6). Is (d + -1 + (-2498)/6)*-3 composite?
False
Suppose 3*r + 15 + 0 = 0. Let q(h) = -1334*h + 1. Let p be q(r). Suppose -4*s - 2854 = -2*z, 977 = -4*z + s + p. Is z composite?
False
Let i(p) = -680*p - 479. Let m(b) = 170*b + 120. Let r(j) = -2*i(j) - 9*m(j). Is r(-36) composite?
True
Suppose 4*o - 37 - 3 = 0. Let y be o/10*(-1 + -1). Is ((-472)/16)/(1/y) composite?
False
Suppose 545703 + 386920 = j - 3*g, j + 4*g = 932679. Is j prime?
True
Let i = -50 + 54. Suppose 5*l = -2*g + 42091, i*l - 5*l + 8427 = -4*g. Is l prime?
True
Let n(g) = 3*g**2 + 11*g + 39. Let f be n(-3). Suppose t - 22 = -3*l + f, t = -2. Is l composite?
False
Suppose 4*d = 3*n - 8806, -4141 - 10534 = -5*n + 5*d. Let g = n + 25. Is g composite?
True
Let s = 29 - -64. Let v = -182 + 208. Suppose s + v = h. Is h composite?
True
Suppose -62*w + 5091817 = -49*w - 2815680. Is w composite?
False
Let y(p) = 2*p**2 - p. Let u be y(2). Let j(x) = -x**2 + x + 22. Let q be j(u). Is (-141 + q)*(-2)/2 prime?
True
Let w(r) = -8*r - 2. Let b be w(1). Let k = 89 + -114. Is (-3 + k/b)*-3244 a composite number?
True
Suppose -12 = 3*v, 4*v + 125879 = 10*c - 9*c. Is c a prime number?
True
Is 46306600/160 + ((-12)/18 - (-34)/24) prime?
True
Suppose 0 = -5*a + 2*u + 7713, -u - 3085 = -20*a + 18*a. Is a a prime number?
True
Let j be (1244/10)/((-6)/(-30)). Let m = -1148 - j. Is (4 - 0)*m/(-24) a composite number?
True
Let f(w) = 3*w**2 + 51*w - 67. Let u = 44 + -46. Let t(l) = l**2 + 13*l - 17. Let m(b) = u*f(b) + 9*t(b). Is m(8) a composite number?
False
Suppose -5*t + 2*o + 15 = 0, 4*t - 4*o - 4 = 8. Let f be ((-4)/(-4))/((9/1833)/t). Let b = f + -54. Is b prime?
True
Let o(n) = -5*n - 13. Let l be o(-3). Suppose -2*q - q = -l*m - 9, -q + 20 = 5*m. Is (3/6)/(m/(942*1)) a prime number?
True
Suppose -6*l - 60 = -30. Is 0 + 6488 - (3 - (l + 13)) composite?
True
Let o = 3318 - -1961. Is o composite?
False
Let b = -55798 - -137129. Is b composite?
False
Let u(c) = c**3 + 42*c**2 + 32*c - 109. Is u(-20) a composite number?
True
Let l be (-4)/(-9) - (-366)/27. Let z(o) = 8*o + 5 + 1 + o**2 - o - 13. Is z(l) composite?
True
Let r(h) be the second derivative of h**4/12 - 7*h**3/3 - 4*h**2 + 24*h. Let l be r(14). Is (622/l)/(2/168*-3) composite?
True
Let a(h) = 160*h**2 + 28*h + 13. Let o be a(14). Let t(f) = -f**3 - 10*f**2 - 9*f + 7. Let q be t(-9). Suppose -o = -q*w + 2*w. Is w composite?
False
Suppose 2*h + 5*o = 18714, h - 2*o = 3*o + 9357. Let m = h - -494. Is m a composite number?
False
Let d = -17159 - -55980. Is d prime?
True
Suppose 0*j + 5*j = r - 2979, -2*r - 3*j + 5945 = 0. Suppose -t + r = -325. Is t a composite number?
False
Suppose c + 1821 = -0*c. Let f = 3415 - 843. Let o = c + f. Is o composite?
False
Let t(l) = -1287*l**3 + l**2 + 3*l + 7. Let n be 77/(-22)*(1 - 3/7). Is t(n) a prime number?
True
Let c = -50 + -160. Let r = c + 2129. Is r composite?
True
Let f(t) = 23*t**2 + 7 + 59*t**3 - 60*t**3 + 10*t - t. Is f(22) composite?
True
Suppose -2495 = 3*i - 2*p, -i + 3*p = 2*i + 2493. Let n = 217 + -783. Let y = n - i. Is y composite?
True
Let j be -4 + 32/(-2) - -1. Let y = j - -19. Suppose y = -7*b + 2113 + 3396. Is b composite?
False
Let c(p) = 8*p**2 - 19*p - 6. Let f be (-1 - (3 + -23))*1. Is c(f) a composite number?
False
Suppose 5*n + 431 = 4*x, -5*n + 0*n + 114 = x. Suppose -3*m = g - m - x, 2*g - 216 = -5*m. Is g composite?
False
Let v = -16 + 20. Let p be (-6)/((-30)/1465)*4. Suppose -4*b + 1612 = -v*t - p, -4*b = -2*t 